0.
19
Let p = -3 + 5. Let l be (p/(-4))/((-2)/4). What are the prime factors of (2/l)/(4/14)?
7
Let v(g) = 15*g**2 + 3*g + 1. What are the prime factors of v(-2)?
5, 11
Let v(i) = i**3 - 7*i**2 - 5*i - 4. List the prime factors of v(10).
2, 3, 41
Let o = -16 + 19. Suppose 0 = 2*f + 2*u - 22, -48 = -f - o*f - 3*u. List the prime factors of f.
3, 5
List the prime factors of (-96)/(-10)*10*(4 - 3).
2, 3
Let x = -16 + 21. List the prime factors of x.
5
Let c(t) = 9*t - 14. Let w(b) = -3*b - 6. Let p be w(-4). What are the prime factors of c(p)?
2, 5
Suppose -4*d - y = -2*y - 14, -2*d + 5*y = -16. Suppose d*p = -4*v + 88, 5*v = -0*p + 3*p + 137. What are the prime factors of v?
5
Suppose -3*b - 4*f + 2 = 10, 4*f = -8. Suppose b = -0*a + 2*a - 18. What are the prime factors of a?
3
Let j be (-6 + -2)/2 - -1. Suppose -q + 2*q = 0. What are the prime factors of (-16 - j)/(q - 1)?
13
Suppose -4*b = 12, -b + 246 = 3*g - 72. List the prime factors of g.
107
Let x be ((-2)/(-2))/(4/8). Let d = x + 12. List the prime factors of d.
2, 7
Let r(p) = -p**2 - 3*p + 2. Let q be r(-4). What are the prime factors of 7 - -1 - (q - -4)?
2, 3
Let y(p) = -p**2 + 2 + 0*p**2 - 2*p**2 + 3*p + 2*p**2. What are the prime factors of y(3)?
2
Suppose 123 = 5*u + 3*r, r = 4*u - 6 - 106. Suppose 0 = -4*o + 5 + 3. Suppose o*n - 2*d - 6 - 8 = 0, u = 5*n + 3*d. List the prime factors of n.
2, 3
Let j(b) = 77*b**3 + 2*b**2 - 3*b + 2. What are the prime factors of j(1)?
2, 3, 13
Let p(x) = -2*x - 1. Let j be (-6)/1*5/10. Let l be p(j). Suppose 2*s - 4 = -2*f, -s = -l*f - 9 + 31. What are the prime factors of f?
2
Suppose 0*i = i + 4. List the prime factors of (-68)/i - (0 - 1).
2, 3
Let r be (1 + -19)*2/(-4). What are the prime factors of (1 + r/1)/2?
5
Suppose -3*k = -k - 20. What are the prime factors of k?
2, 5
Let t(h) = 4*h + 36. What are the prime factors of t(4)?
2, 13
Let b(j) = j**2 - 4*j - 4. Let m be b(5). Let p = m - -3. What are the prime factors of p?
2
Let n = 30 + -18. Suppose -4*j + n = -64. Let b = 27 - j. List the prime factors of b.
2
Let i = -13 - -22. Let v(m) = -m + 11. Let n be v(5). List the prime factors of (-4)/n - (-150)/i.
2
Let o = 13 + -8. Let g = 0 + o. Let b = g - -7. List the prime factors of b.
2, 3
Suppose 2 + 4 = -z. Let i = 16 + z. What are the prime factors of i?
2, 5
Suppose 0*s - s = -3. Suppose 5*h - 3*l = 12, s*l - 4 = 2*h + 4*l. Suppose h*b - b = -9. What are the prime factors of b?
3
Let p = -7 - -12. Suppose p*n = n + 60. List the prime factors of n.
3, 5
Suppose 1 = q - a - 0, a - 1 = 3*q. Let c = q + -2. List the prime factors of (c/(-3))/((-2)/(-20)).
2, 5
Suppose -16*x + 2209 = -3087. List the prime factors of x.
331
Suppose 7 - 69 = 2*o. Let u = -5 - o. What are the prime factors of u?
2, 13
Suppose -2 = 5*n + 3. List the prime factors of 2/(4/(-42))*n.
3, 7
Suppose 3*d - 25 = -10. Suppose -2*k + q = 5, -4*k - 14 = -3*q + d*q. Let w = 12 + k. List the prime factors of w.
3
Let l(o) = 6*o**3 - o + 1. Let k be l(1). Suppose -3*x = -x + 18. What are the prime factors of k/(-27) - 29/x?
3
List the prime factors of 3/9 + 287/3.
2, 3
Let d = 8 - 4. Suppose 5*s - 97 = -3*m, 4*s + 0*m - 52 = d*m. Suppose -5*n = -s - 3. List the prime factors of n.
2
Let g(l) = -l**3 - 6*l**2 + 3*l + 8. Let m be g(-6). List the prime factors of -5*(44/m - 1).
3
Let w(l) = -l. Let x be w(-2). Let i(f) = f**3 + 12 - x*f + 2*f. What are the prime factors of i(0)?
2, 3
Let m be (1*-2)/((-2)/5). Suppose 5*w = -m + 25. List the prime factors of (3 - 1)/(w/18).
3
Suppose 0 = -s - 15 + 36. List the prime factors of s.
3, 7
Suppose 6*n - 24 = 4*n. What are the prime factors of n?
2, 3
Suppose a + 130 + 87 = 2*s, 0 = 3*s + a - 338. List the prime factors of s.
3, 37
Let u(l) = 2*l**3 + 12*l**2 - 7*l - 15. What are the prime factors of u(-6)?
3
Let f(r) = -9*r**3 + r**2 - 3*r - 3. List the prime factors of f(-2).
79
Let p(n) = 36*n + 51. Let i(m) = 7*m + 10. Let r(j) = -21*i(j) + 4*p(j). Let v be r(-7). List the prime factors of (-15)/(1 - v/6).
2, 5
Let s(r) = 5*r + 14. Let q(u) = 1. Let a(i) = 3*q(i) - s(i). Let d be a(-8). Let k = d - 18. List the prime factors of k.
11
Let r be (0 - (-3)/(-6))*-10. Suppose 4*a = -16, r*y - 3*y - 2*a = 78. Let q = y + -25. What are the prime factors of q?
2, 5
Let z(b) = b**3 + 4*b**2 - 5*b + 6. Let v be z(-5). Suppose 0 = -x + v*x. Suppose 2*p + 3*i = -x*p + 1, p - 33 = 5*i. What are the prime factors of p?
2
Suppose -2*x + 5*c + 429 = 0, -3*c + 634 = 3*x - c. What are the prime factors of x?
2, 53
What are the prime factors of (32/48)/((-4)/(-2106))?
3, 13
Let c be 1 - 2 - (-4)/2. Suppose 5 = u + c. Suppose u*m + 1 = 21. What are the prime factors of m?
5
Let r(p) = -p + 10. Let h be r(6). Suppose 61 = 5*w + b + 2*b, -3*b = -w + 23. Suppose -h*n + 88 = -4*z, 3*n + z - w = 2*n. List the prime factors of n.
2, 3
Suppose 0 = 7*d - 12*d + 230. List the prime factors of d.
2, 23
Suppose -3*h - h = 4. Let c(p) = 11*p**2 - p. What are the prime factors of c(h)?
2, 3
Let q = 91 + 76. What are the prime factors of q?
167
Suppose 4*h - b = -2*b + 57, 0 = -h + 4*b + 10. Suppose -4*q + 10 = q. Suppose q*c + 2*k = 5*k, -3*c + h = -k. List the prime factors of c.
2, 3
Let d = 120 - 107. What are the prime factors of d?
13
Let w(i) = 27*i - 1. Let g(x) = -14*x + 1. Let n(j) = -7*g(j) - 3*w(j). List the prime factors of n(2).
2, 3, 5
Suppose 4*c + 131 = r + 46, 0 = r - 2*c - 81. Suppose -5 + r = 3*h. List the prime factors of h.
2, 3
Suppose -10*y = -849 - 21. What are the prime factors of y?
3, 29
Suppose o + 0 - 2 = 0. Let t(h) be the second derivative of 4*h**3/3 - h**2 - h. What are the prime factors of t(o)?
2, 7
Suppose 0 = -5*i + 2*i - 342. Let a be i/22 + 10/55. What are the prime factors of (a/(-10))/(1/38)?
19
Let f(o) = -32*o - 5. What are the prime factors of f(-7)?
3, 73
Let z = 14 - 4. Suppose -5*b - z = -7*b. List the prime factors of b.
5
Let v = -8 + 7. List the prime factors of (-2 - (-5 - v)) + 0.
2
Suppose 55 = -s - 4*x, -x + 4*x = -5*s - 190. Let g = -14 - s. List the prime factors of g.
3, 7
Suppose 9*c + 55 = 4*c. Let t(k) = -4*k + 4. List the prime factors of t(c).
2, 3
Let l = -53 + 116. What are the prime factors of l?
3, 7
Let g be (-2)/((-9)/(-3) + -2). List the prime factors of (-20)/(1/2*g).
2, 5
Let p(b) = -3*b**3 - b**2 - b. Suppose -2*w + 1 = -3*w. Let f be p(w). Suppose j + f*j + i - 56 = 0, 2*i = -j + 7. List the prime factors of j.
3, 5
Let i be (-3)/7 + (-32)/7. List the prime factors of -1 - (2 + i) - -8.
2, 5
Let j(n) = -2*n + 4. Let g be j(-4). Suppose 0 = -2*c + 4 + g. What are the prime factors of c?
2
Let y be 2/2*(3 - 2). Let a(c) = 2*c**2 - y + c - c**2 - 2. What are the prime factors of a(3)?
3
Suppose 2*v = 3*w + 21 + 254, 3*w = -v + 133. What are the prime factors of v?
2, 17
Let t = -1 - -6. What are the prime factors of -9*(-5)/(t/3)?
3
Suppose 0 = 2*j - 6. Suppose -3*z + 8 = 2*y - 35, -y = -j*z + 55. List the prime factors of z.
17
Let n(k) be the third derivative of -k**4/24 + 5*k**3/3 + 7*k**2. What are the prime factors of n(0)?
2, 5
Let z(s) = -3*s**2 + 80. What are the prime factors of z(0)?
2, 5
List the prime factors of (2*8/20)/(2/195).
2, 3, 13
Let w(y) = 3*y**2 - 5. Let z be w(-5). Suppose -2*b = 3*b - z. List the prime factors of b.
2, 7
Let r(a) = 5*a**2 + 3*a + 1. List the prime factors of r(4).
3, 31
Suppose -5*q + 3*y + 6 = 0, -2*q + 1 - 7 = 3*y. Let v = 6 - q. List the prime factors of v.
2, 3
Let w(a) = -a**3 - 8*a**2 - 9*a - 10. Let c be w(-7). Suppose -c*v + 10 = v. What are the prime factors of ((-9)/2)/((-1)/v)?
3
Suppose 210 = -5*u + 690. Suppose 6*n - u = 3*n. List the prime factors of n.
2
Let j(s) = -s**2 - 17*s + 3. What are the prime factors of j(-12)?
3, 7
Suppose -2*z + 9*d + 14 = 4*d, 0 = -4*z + 4*d + 16. What are the prime factors of z?
2
List the prime factors of -3 + 2*(4 + 9).
23
Let h = -6 - 10. Let z = h + 27. List the prime factors of z.
11
Let l(s) = s + 2. Let k be l(-2). Suppose k*t = t - 5. List the prime factors of t.
5
Let a be 4/(4 + -3) - 1. Suppose w = -4*c + 5 + 21, -2*w + 17 = a*c. List the prime factors of c.
7
Let m(l) = l**3 + 13*l**2 + 12*l + 1. Let x be m(-12). Let z be (-1 - x) + 2 - -2. Suppose -5*i + 4 + 32 = p, z*i = 2*p + 12. List the